{"id":67,"date":"2017-09-21T10:08:30","date_gmt":"2017-09-21T10:08:30","guid":{"rendered":"http:\/\/www.kucukcekmece18noluasm.com\/?page_id=67"},"modified":"2025-12-19T08:01:51","modified_gmt":"2025-12-19T08:01:51","slug":"kadromuz","status":"publish","type":"page","link":"https:\/\/menemenbelediyesiasarlikasm.com\/index.php\/kadromuz\/","title":{"rendered":"Kadromuz"},"content":{"rendered":"<p>Doktorlar\u0131m\u0131z<\/p>\n<p>Dr Zafer Zavaro\u011flu<br \/>\nDr Nuri \u00c7imencio\u011flu<br \/>\nDr H\u00fcseyin C\u00fcneyt Kazanc\u0131<br \/>\nDr Nazire D\u00f6nmez<br \/>\nDr Dilara Y\u0131lmaz<br \/>\nDr Selma Sara\u00e7o\u011flu<br \/>\nDr Ali Akda\u011f<\/p>\n<p>&nbsp;<\/p>\n<div>Aile Sa\u011fl\u0131\u011f\u0131 \u00c7al\u0131\u015fanlar\u0131<\/div>\n<div>Hem\u015fire Nevin Demirbilek<\/div>\n<div>Hem\u015fire Miray Taku\u00e7in A\u011fahatun<\/div>\n<div>Hem\u015fire Elif Bedir Bilgen<\/div>\n<div>Hem\u015fire Elif Bedir Bilgen<\/div>\n<div>Hem\u015fire Emine Tun\u00e7<\/div>\n<div>Hem\u015fire B\u00fc\u015fra Nur Kahraman<br \/>\nEbe Sevin\u00e7 G\u00f6zc\u00fc<\/div>\n<div>\n<div>\n<div>Ebe Hem. Vesile \u015eahbazlar<\/div>\n<div>Ebe Fadime Yurtseven<\/div>\n<div>Ebe Birg\u00fcl Ozan<\/div>\n<div>Ebe Hem. P\u0131nar Yarar<\/div>\n<div>Ebe Bur\u00e7in Akta\u015f<\/div>\n<\/div>\n<\/div>\n<div>Temizlik personeli Feride Kaban<\/div>\n<div>Temizlik personeli Y\u0131ld\u0131z Kalem<\/div>\n","protected":false},"excerpt":{"rendered":"<p>Doktorlar\u0131m\u0131z Dr Zafer Zavaro\u011flu Dr Nuri \u00c7imencio\u011flu Dr H\u00fcseyin C\u00fcneyt Kazanc\u0131 Dr Nazire D\u00f6nmez Dr Dilara Y\u0131lmaz Dr Selma Sara\u00e7o\u011flu Dr Ali Akda\u011f &nbsp; Aile Sa\u011fl\u0131\u011f\u0131 \u00c7al\u0131\u015fanlar\u0131 Hem\u015fire Nevin Demirbilek Hem\u015fire Miray Taku\u00e7in A\u011fahatun Hem\u015fire Elif Bedir Bilgen Hem\u015fire Elif &hellip;<\/p>\n","protected":false},"author":1,"featured_media":0,"parent":0,"menu_order":0,"comment_status":"closed","ping_status":"closed","template":"template-full.php","meta":{"footnotes":""},"class_list":["post-67","page","type-page","status-publish","hentry"],"_links":{"self":[{"href":"https:\/\/menemenbelediyesiasarlikasm.com\/index.php\/wp-json\/wp\/v2\/pages\/67","targetHints":{"allow":["GET"]}}],"collection":[{"href":"https:\/\/menemenbelediyesiasarlikasm.com\/index.php\/wp-json\/wp\/v2\/pages"}],"about":[{"href":"https:\/\/menemenbelediyesiasarlikasm.com\/index.php\/wp-json\/wp\/v2\/types\/page"}],"author":[{"embeddable":true,"href":"https:\/\/menemenbelediyesiasarlikasm.com\/index.php\/wp-json\/wp\/v2\/users\/1"}],"replies":[{"embeddable":true,"href":"https:\/\/menemenbelediyesiasarlikasm.com\/index.php\/wp-json\/wp\/v2\/comments?post=67"}],"version-history":[{"count":17,"href":"https:\/\/menemenbelediyesiasarlikasm.com\/index.php\/wp-json\/wp\/v2\/pages\/67\/revisions"}],"predecessor-version":[{"id":290,"href":"https:\/\/menemenbelediyesiasarlikasm.com\/index.php\/wp-json\/wp\/v2\/pages\/67\/revisions\/290"}],"wp:attachment":[{"href":"https:\/\/menemenbelediyesiasarlikasm.com\/index.php\/wp-json\/wp\/v2\/media?parent=67"}],"curies":[{"name":"wp","href":"https:\/\/api.w.org\/{rel}","templated":true}]}}